 - 2 - -4.
-2
What is -1 + (11 + -10 - 4)?
-4
Evaluate 1 - (-6 - (3 - 18) - 3).
-5
What is (2 - (-3 + 4 + 1)) + -1?
-1
-2 - (12 + -2) - -6
-6
What is (0 + 6 - (55 + -54)) + -6?
-1
-3 - ((3 - 1) + -3) - -7
5
What is the value of (-3 - -1) + (7 - 6)?
-1
Evaluate -2 + (7 - (5 + -3)).
3
What is the value of -4 + 7 + -7 + -3 + 14?
7
What is 0 - (-3 - 1) - (182 + -182)?
4
Evaluate (-6 - -1) + -4 + 1 + 3.
-5
4 + -1 + -4 + 1 + 4
4
Evaluate -6 + 3 + (6 - 0).
3
Evaluate 16 + -7 + (-1 - 5 - -5).
8
What is the value of 1 + -4 - (-2 + -3 + 3)?
-1
What is the value of -4 + (-4 - -13) - -2?
7
What is the value of (1 - 2) + -3 - 0?
-4
2 - 0 - (2 + (4 - 7))
3
What is the value of 0 + (8 - (7 - 3 - 0))?
4
Calculate 0 + 3 + (10 - (4 - -1)).
8
Calculate -8 + 3 + (-5 - -15).
5
What is -7 + 20 - 8 - 10?
-5
Evaluate (-4 - -11 - 2 - 1) + 2.
6
Calculate -4 - (-1 + -1 - 6).
4
What is the value of -16 + 8 + -4 + 3?
-9
Evaluate 3 + 4 + 1 - 4.
4
What is the value of -11 - (-11 + (5 - 8))?
3
Calculate (-1 + -4 - 5) + 7.
-3
Calculate -4 + 0 - (8 + -13) - 1.
0
What is the value of -3 + 6 + (-2 - 1) + 4?
4
What is 3 - (-9 - -17 - 14)?
9
What is the value of -4 + 0 + (2 + 3 - 1)?
0
Calculate -1 + 3 - (-6 - -8).
0
Calculate -2 - (11 - 8 - 0).
-5
3 - (6 - ((-2 - 2) + -1))
-8
What is -52 - -58 - (0 - -2)?
4
What is 3 + (3 + -9 - -6)?
3
What is the value of (7 - 3) + 7 + -11?
0
Evaluate 8 + (-5 - 0) + (0 - 1).
2
6 - (3 + 6) - 1
-4
What is -1 - (-5 - (1 + (-1 - -1)))?
5
Calculate (0 - -2) + (-4 - -4).
2
Calculate 0 + 0 - (8 - 3).
-5
3 + (-3 - -3) + 5 + -11
-3
Evaluate 4 + (4 - 9) - (4 - -1).
-6
(5 - 16 - -5) + 2 + 0
-4
What is -43 + 52 + (-7 - -1)?
3
What is 0 + -8 - (12 + -18)?
-2
Calculate -3 - (-11 + 4 - (-4 - -1)).
1
-1 + (15 + -9 - -2)
7
(-8 - 4) + -2 - -7
-7
What is the value of (4 + -4 - 0) + (-1 - -5)?
4
What is the value of 0 + 1 + 4 - 9?
-4
What is -5 + 6 - (-5 - -3)?
3
Calculate 12 + -4 + 0 + -6.
2
Calculate 0 + -2 + 8 + (-80 - -70).
-4
Evaluate 11 + (11 - 8) - 6.
8
What is the value of -12 + (-3 - -8) + 2?
-5
What is 9 - (1 + (-6 - -10)) - 1?
3
What is the value of -15 + 14 + -2 - (-3 - 1)?
1
What is the value of 11 + (-10 - -11) - 1?
11
-10 - 1 - (-8 - -3)
-6
Calculate 13 - 17 - (-2 - -1).
-3
Calculate 15 + -20 + 2 + 5.
2
Evaluate 3 + (0 - 5) + 4.
2
Evaluate -3 + -1 + 2 + 0 + -3.
-5
Evaluate 1 + (-2 - (-5 - 1)) + -1.
4
Calculate -10 + 5 - (0 + 3).
-8
What is the value of 0 - (-7 + -1) - 10?
-2
6 + (-3 - 2) - (5 + -5)
1
Evaluate 8 - -4 - (19 + -10).
3
What is (3 - (6 - 1)) + 2?
0
4 + 0 - (5 - (1 - -1))
1
Calculate -2 - -5 - ((-1 - -6) + 1).
-3
Evaluate 1 + -1 + -5 + (98 - 83).
10
Evaluate -11 - (-18 + (9 - 1)).
-1
Calculate (10 - 3 - 13) + 1.
-5
What is (-12 - -8) + 3 + (1 - 4)?
-4
Evaluate 9 - (7 - 3) - 2.
3
(1 + 3 - (5 + -1)) + 4
4
Evaluate -1 + 0 + (-5 - -3) + 5.
2
Evaluate 7 + -7 + 11 - 7.
4
What is 9 + -5 - 5 - 6?
-7
(54 - 47) + -3 + 3 + -1
6
What is 7 + (-11 - -19) + (1 - 8)?
8
What is the value of 1 + 6 + -10 + 0?
-3
Calculate 5 + -5 + -1 + -1.
-2
What is the value of (-13 - -16) + -4 + 0?
-1
What is the value of -1 - ((-6 - 2) + 7)?
0
What is the value of (0 + 7 - 6) + 6 + -12?
-5
What is (8 - (9 + -2)) + -1?
0
What is (2 - 3) + -5 + 5?
-1
What is the value of (1 - -3) + 1 + (-1 - 1)?
3
Evaluate (-3 - -1) + 3 - 6.
-5
Evaluate (0 + -7 - (6 - 20)) + -14.
-7
Evaluate -1 - (-5 - -4 - 6).
6
What is the value of -1 + -4 + 1 + 3?
-1
(2 - -6) + 6 + -9
5
What is the value of ((2 - 1) + 2 - 4) + -2?
-3
Calculate (4 - (5 + -11 + 11)) + -8.
-9
What is the value of -1 + -4 + 0 + (5 - -2)?
2
Calculate (-1 - 6) + 24 + -21 + 10.
6
15 + -16 + (-6 - -3) + 7
3
What is (6 - 0) + 2 + -7?
1
Evaluate 0 - 2 - (0 - 1).
-1
Evaluate 7 + (-7 - -1) - (5 - 1).
-3
0 - ((5 - 1) + -4)
0
-1 + (4 - 4) + -1
-2
Evaluate -4 + 2 + -4 + (0 - 3).
-9
Evaluate 6 + (-10 - (4 + -7 + -3)).
2
What is (-2 - -2) + (-7 - -9)?
2
What is the value of 6 - (-1 - ((-1 - 2) + 1))?
5
Evaluate -7 + 2 + 4 + 3.
2
1 + (9 - 7) + 2
5
What is the value of -1 + -7 - (-2 + -2)?
-4
Evaluate 7 + (5 + -7 - 2) + -1.
2
What is 2 + (-1 - -6 - 7)?
0
What is the value of -2 - -1 - (-15 + 15)?
-1
Calculate -1 - -6 - (4 + -3).
4
(-9 - 1 - (19 + -19)) + 5
-5
4 + -10 + (4 - 6)
-8
Evaluate -9 - (-7 - -1) - (1 + -1).
-3
Evaluate -2 - -10 - (-11 + 6 - -9).
4
What is -222 + 232 + 0 + (-6 - -1)?
5
Calculate (0 + -6 - -8) + 2.
4
What is (1 + -1 - 5 - 1) + 3?
-3
-2 + (0 + 3 - 5)
-4
What is the value of 0 + -2 + -37 + 35?
-4
(3 - (-1 - -7)) + 2
-1
Calculate (-4 + -1 - -1) + 3.
-1
Calculate (2 - 4) + (4 - (2 - 1)).
1
Calculate 1 + 3 + 0 + -8 + -1.
-5
Evaluate 0 - (10 - 4) - -6.
0
Calculate 3 + 1 - (-9 + 18).
-5
Calculate 7 + (4 + -1 - 7).
3
Evaluate (-3 - 0) + (0 - (-9 + 2)).
4
2 + 2 + 4 + 4 + -9
3
What is 2 + (-7 - (-6 + 7 + 3))?
-9
Calculate 7 + 6 + (-1 - 9).
3
Evaluate 6 - (4 - -2 - 3).
3
What is 2 + -4 + 3 + -3?
-2
What is the value of -3 - (0 - 5 - (4 - 7))?
-1
What is (-1 - -1) + (2 + 3 - 5)?
0
-4 - (16 - 16 - (-1 + 0))
-5
What is (-11 - -6) + 2 + -2?
-5
Evaluate (0 - -3) + -5 + 6 + -6.
-2
Calculate 6 + -1 + -7 - -8.
6
Evaluate -12 + -4 + 20 + 5 + 0.
9
5 + -9 + 9 + -7
-2
-3 - (-13 + 7 + -7 - -3)
7
What is 0 + 2 + 50 + -52?
0
What is -4 + (4 - 6) - -4?
-2
Calculate (-2 - -1 - 7) + 48 + -39.
1
What is the value of (-4 - (2 + -5) - -7) + -4?
2
Evaluate -2 + (13 - 6) + -6 + 0.
-1
0 + -2 + (-3 - (-4 + -3))
2
Evaluate 0 + 3 + 4 + -5.
2
Calculate -6 + 6 + -5 + 4 - -8.
7
Evaluate -5 - -5 - -3 - 2.
1
1 + 0 + 2 - (5 + 3)
-5
What is the value of (4 - 2) + (-22 - -24) - 3?
1
What is the value of 0 + -2 + 3 - (-9 + 8)?
2
7 + -2 + 0 + 3
8
Evaluate 0 + 6 + -7 + -3.
-4
Calculate 0 + -2 + 6 - (16 - 17).
5
What is the value of -6 + (20 - 14 - (-1 - -2))?
-1
-1 + -3 + 4 - 3
-3
Evaluate -5 + 9 + (1 - 2) + -3.
0
-1 + 3 + -1 + -3 + -2
-4
Evaluate -6 - (-3 + -4 + -6).
7
Evaluate 9 + (-5 - -1) - 10.
-5
What is the value of 3 + -12 + 5 + 2?
-2
What is (-2 - 9) + 26 - (0 + 7)?
8
Calculate (-4 - (-10 - -4)) + (-1 - 3).
-2
(1 - 1 - (0 + -3)) + 0
3
Evaluate -2 + -1 + -6 + -5 + 9.
-5
-1 - -3 - (-9 - -16)
-5
What is 3 + (-2 + 4 - -2) + -1?
6
0 + -1 + -5 + (-75 - -80)
-1
Evaluate (1 - -10) + 20 + -25.
6
What is the value of (-4 - (1 + -4)) + 3 - 7?
-5
Evaluate -2 + (14 + 0 - 4 - 5).
3
What is the value of -3 - -1 - -3 - 6?
-5
What is -10 - (-3 + 1 - 1)?
-7
What is (7 - (9 + -3)) + (0 - 2)?
-1
What is (8 - 3) + 1 + -2 - 10?
-6
Calculate -3 + 10 + (-7 - 6).
-6
What is the value of -10 - -2 - (16 - 20)?
-4
Calculate 55 - 47 - (0 - -6).
2
Calculate 43 + -47 + (3 + -2 - 3).
-6
What is the value of (-4 - -2 - 3) + (-3 - -3)?
-5
Calculate 3 - 6 - (14 - 12).
-5
What is 3 + -3 + 2 + 0 + 3?
5
Calculate 13 - 27 - -19 - -1.
6
What is (-22 - -29) + -5 + 1?
3
2 + (-1 - (0 + 4))
-3
-1 + 1 + -5 + 8
3
What is the value of -10 + 20 + -3 + -2?
5
Evaluate 2 - ((12 - 7) + -6).
3
What is -1 - ((8 - (2 - -1)) + -3)?
-3
Calculate 1 + -3 + -3 + -1 + 5.
-1
What is -2 - ((2 - 2) + 6 + -6)?
-2
What is (-1 - 3 - -17) + (-13 - -7)?
7
What is the value of 0 - (1 + 0) - (-8 + 3)?
4
What is the value of 4 + 4 + -5 + 2?
5
What is the value of 14 - (7 + 4 + -7 + 1)?
9
(1 - -1) + -3 + 0
-1
Evaluate 11 + 0 + (-7 - (-4 + 2)).
6
Calculate 8 + -1 - (21 - 14).
0
Calculate -4 + (7 - 4) + -4 + 0.
-5
Evaluate 6 + (4 - -1 - (60 - 56)).
7
Calculate (1 - -4) + -25 + 20.
0
What is the value of (-1 - (2 - 2)) + -1 + 0?
-2
-1 - 2 - (6 + -6 + -4)
1
Calculate -35 - -34 - (-1 - (1 - 0)).
1
What is the value of (-1 - -2) + 5 + (-2 - 2)?
2
What is 1 - -7 - (-2 + (5 - 0))?
5
Calculate -4 + -1 + (6 - 1).
0
What is the value of 7 + 3 + (-3 - 4)?
3
What is (-1 + 1 - -4 - 2) + 0?
2
What is (0 - -3) + (-4 - -6)?
5
What is the value of -1 + (1 - -15 - 5 - 5)?
5
What is the value of (-6 - -10 - 0) + 2?
6
-4 + (-3 - (-11 + 7))
-3
Evaluate (-3 - -2 - -4) + -19 + 17.
1
Evaluate -1 + 4 + -1 - (0 - -7).
-5
Calculate 2 - (-3 - -4) - 4.
-3
Evaluate 0 + -2 + -4 + 1 + 2.
-3
-11 - -12 - (-2 + (-1 - -2))
2
What is 3 + -14 + -12 + 19?
-4
Calculate (-8 - -12) + (-1 - -1) + 5.
9
Calculate -1 + 10 - (-54 - -58).
5
-4 - -1 - (0 + 3 + -1)
-5
Evaluate -1 - -3 - 4 - 2.
-4
Evaluate -1 + (0 - -3) + 2.
4
What is 6 + -3 + (0 - 3) + -4?
-4
What is 5 + 8 + -14 - (-2 - -1)?
0
What is -2 + 0 - (17 - 14 - 6)?
1
What is (-6 - (-3 - -2) - -2) + -3?
-6
(-1 - -